{"id":14,"date":"2017-03-23T20:08:29","date_gmt":"2017-03-23T19:08:29","guid":{"rendered":"http:\/\/ktownpb.de\/page\/?page_id=14"},"modified":"2026-03-10T14:17:06","modified_gmt":"2026-03-10T13:17:06","slug":"kontakt","status":"publish","type":"page","link":"https:\/\/ktownpb.de\/page\/kontakt\/","title":{"rendered":"Kontakt"},"content":{"rendered":"<p>Sie haben eine Auftrittsanfrage, Lust auf einen Probenbesuch oder wollen bei uns mitmachen und ein Instrument lernen?<br\/>Sprechen Sie uns an &#8211; jederzeit!<\/p>\r\n<p>email: <a href=\"mailto:anfragenktpb@gmail.com\">anfragenktpb@gmail.com<\/a><\/p>\r\n\r\n<p>Wir treffen uns jeden Dienstag ab 18:00 Uhr im<\/p>\r\n<p>Vereinsheim DJK SG Eintracht Kaiserslautern<br \/>Entersweilerstrasse 52<br \/>67657 Kaiserslautern<\/p>\r\n<iframe loading=\"lazy\" width=\"625\" height=\"400\" frameborder=\"0\" scrolling=\"no\" marginheight=\"0\" marginwidth=\"0\" id=\"gmap_canvas\" src=\"https:\/\/maps.google.com\/maps?width=520&amp;height=400&amp;hl=en&amp;q=Entersweilerstr%2052%20Kaiserslautern+()&amp;t=&amp;z=12&amp;ie=UTF8&amp;iwloc=B&amp;output=embed\"><\/iframe><a href='https:\/\/maps-generator.com\/'><\/a>\r\n\r\n<img loading=\"lazy\" decoding=\"async\" src=\"https:\/\/ktownpb.de\/page\/wp-content\/uploads\/20220828_132458-1024x768.jpg\" alt=\"\" width=\"625\" height=\"469\" class=\"aligncenter size-large wp-image-873\" srcset=\"https:\/\/ktownpb.de\/page\/wp-content\/uploads\/20220828_132458-1024x768.jpg 1024w, https:\/\/ktownpb.de\/page\/wp-content\/uploads\/20220828_132458-300x225.jpg 300w, https:\/\/ktownpb.de\/page\/wp-content\/uploads\/20220828_132458-768x576.jpg 768w, https:\/\/ktownpb.de\/page\/wp-content\/uploads\/20220828_132458-scaled.jpg 1440w, https:\/\/ktownpb.de\/page\/wp-content\/uploads\/20220828_132458-624x468.jpg 624w\" sizes=\"auto, (max-width: 625px) 100vw, 625px\" \/>\r\n<a href=\"https:\/\/ktownpb.de\/page\/wp-content\/uploads\/IMG-20231217-WA0006.jpg\"><img loading=\"lazy\" decoding=\"async\" src=\"https:\/\/ktownpb.de\/page\/wp-content\/uploads\/IMG-20231217-WA0006-1024x768.jpg\" height=\"469\" width=\"625\" class=\"aligncenter size-large wp-image-947\" alt=\"Vielseitiges Foto des K-Town Pipe Band bei einer Probensitzung in einem Raum mit Dartautomaten, die Musiker mit traditionellen Dudels\u00e4cken und moderner Ausstattung zeigt. Repr\u00e4sentiert engagierte Bandproben und Gemeinschaftsgeist.\" srcset=\"https:\/\/ktownpb.de\/page\/wp-content\/uploads\/IMG-20231217-WA0006-1024x768.jpg 1024w, https:\/\/ktownpb.de\/page\/wp-content\/uploads\/IMG-20231217-WA0006-300x225.jpg 300w, https:\/\/ktownpb.de\/page\/wp-content\/uploads\/IMG-20231217-WA0006-768x576.jpg 768w, https:\/\/ktownpb.de\/page\/wp-content\/uploads\/IMG-20231217-WA0006.jpg 1440w, https:\/\/ktownpb.de\/page\/wp-content\/uploads\/IMG-20231217-WA0006-624x468.jpg 624w\" sizes=\"auto, (max-width: 625px) 100vw, 625px\" \/> <\/a>\r\n\r\n<a href=\"https:\/\/ktownpb.de\/page\/wp-content\/uploads\/20220828_152134-scaled.jpg\"><img loading=\"lazy\" decoding=\"async\" src=\"https:\/\/ktownpb.de\/page\/wp-content\/uploads\/20220828_152134-1024x768.jpg\" height=\"469\" width=\"625\" class=\"aligncenter size-large wp-image-949\" alt=\"K-Town Pipe Band beim \u00f6ffentlichen Konzert im Freien, mit Mitgliedern, die Dudels\u00e4cke und Trommeln spielen, umgeben von B\u00e4umen und Natur, perfekte Darstellung eines traditionellen Pipes and Drums Ensembles.\" srcset=\"https:\/\/ktownpb.de\/page\/wp-content\/uploads\/20220828_152134-1024x768.jpg 1024w, https:\/\/ktownpb.de\/page\/wp-content\/uploads\/20220828_152134-300x225.jpg 300w, https:\/\/ktownpb.de\/page\/wp-content\/uploads\/20220828_152134-768x576.jpg 768w, https:\/\/ktownpb.de\/page\/wp-content\/uploads\/20220828_152134-scaled.jpg 1440w, https:\/\/ktownpb.de\/page\/wp-content\/uploads\/20220828_152134-624x468.jpg 624w\" sizes=\"auto, (max-width: 625px) 100vw, 625px\" \/> <\/a>\r\n\r\n\r\n<p><\/p>\r\n","protected":false},"excerpt":{"rendered":"<p>Sie haben eine Auftrittsanfrage, Lust auf einen Probenbesuch oder wollen bei uns mitmachen und ein Instrument lernen?Sprechen Sie uns an &#8211; jederzeit! email: anfragenktpb@gmail.com Wir treffen uns jeden Dienstag ab 18:00 Uhr im Vereinsheim DJK SG Eintracht KaiserslauternEntersweilerstrasse 5267657 Kaiserslautern<\/p>\n","protected":false},"author":1,"featured_media":0,"parent":0,"menu_order":2,"comment_status":"closed","ping_status":"closed","template":"","meta":{"footnotes":""},"class_list":["post-14","page","type-page","status-publish","hentry"],"_links":{"self":[{"href":"https:\/\/ktownpb.de\/page\/wp-json\/wp\/v2\/pages\/14","targetHints":{"allow":["GET"]}}],"collection":[{"href":"https:\/\/ktownpb.de\/page\/wp-json\/wp\/v2\/pages"}],"about":[{"href":"https:\/\/ktownpb.de\/page\/wp-json\/wp\/v2\/types\/page"}],"author":[{"embeddable":true,"href":"https:\/\/ktownpb.de\/page\/wp-json\/wp\/v2\/users\/1"}],"replies":[{"embeddable":true,"href":"https:\/\/ktownpb.de\/page\/wp-json\/wp\/v2\/comments?post=14"}],"version-history":[{"count":11,"href":"https:\/\/ktownpb.de\/page\/wp-json\/wp\/v2\/pages\/14\/revisions"}],"predecessor-version":[{"id":1101,"href":"https:\/\/ktownpb.de\/page\/wp-json\/wp\/v2\/pages\/14\/revisions\/1101"}],"wp:attachment":[{"href":"https:\/\/ktownpb.de\/page\/wp-json\/wp\/v2\/media?parent=14"}],"curies":[{"name":"wp","href":"https:\/\/api.w.org\/{rel}","templated":true}]}}